 + -12 - -2) + -18 + 6 + 18
1
-120 + 123 + (47 - 4) + -6
40
What is (-15 - (3 + 16 + -34 - -24)) + 22?
-2
Calculate 94 + -94 - ((-8 - (-12 - -5)) + 71).
-70
What is (3 + 9 - 28 - -53) + (-1 - -13)?
49
Evaluate -25 + (-14 - -27) + (-50 - 1) + 2.
-61
(-12 - ((-6 - -13) + 124 + 5)) + 13 - -3
-132
What is (204 - 245 - (13 + 1)) + -10 + 1?
-64
-6 + (6 - 6) - (57 - 80)
17
1 + -26 + (2243 - 2212) - -45
51
What is the value of 94 - 87 - (4 + -5 - 3 - -37)?
-26
Evaluate -11 + (-22 - 27) + 66.
6
What is the value of 54 - -15 - (-1 - -50)?
20
What is (-26 - 1 - (3957 - 3954)) + -43?
-73
45 - (-17 - (-14 - (21 + 162)))
-135
What is 11 + -6 - (19 - (105 + 0))?
91
What is -231 + 386 + -120 - (1 + 1 + 1)?
32
9 - (-25 + -4 + 5) - (-18 + 32)
19
What is -11 + (21 - 10) - 11 - (-18 - -39)?
-32
What is (-7 + 0 - (44 - 52)) + 43?
44
Calculate (-46 - -1) + 462 + -569 + 44.
-108
Evaluate 2 + (-2 - 8) - (-60 + 5 + 74).
-27
Calculate -52 + (4 - 2) + 44 + 16 + -49.
-39
What is the value of 13 + -9 - 14 - (16 - -10 - 35)?
-1
19 + (25 + -20 - -4) + -83
-55
1 - -1 - (-3 + 10) - (6235 + -6240)
0
What is the value of -59 - 1 - (90 - 301 - -182)?
-31
Calculate -4 + 1 - (-22 + -24 + 71 + -33 - -82).
-77
What is 0 - 24 - (-3 + 25) - 2?
-48
0 + -13 + -22 + -11 + (86 - 9)
31
Calculate -34 - -49 - (26 + -1) - 11.
-21
Calculate (34 - (17 + -3)) + -13 - ((-3 - -3) + 0).
7
What is the value of -86 + 58 + 5 + ((2 - 3) + 7 - 4)?
-21
Evaluate -9 + 5 - ((-58 - 24) + 15).
63
Evaluate 73 + -118 + -23 + 18.
-50
Evaluate -7 + (-1 - (-1 + -2)).
-5
What is the value of 80 + -1 + -19 + 15?
75
What is the value of -2 + -1 + 110 + 131 + -126 - (-3 - 2)?
117
What is -84 - (-47 + -34) - (2 - ((14 - -1) + 2))?
12
What is the value of (-11 + -4 - -22 - (29 + -20)) + 47?
45
-37 + 106 + -67 - (-51 + 0)
53
5 + -2 + -25 + (62 - 66) + -16 + 8
-34
What is the value of 9 + -68 - (22 - 39)?
-42
What is the value of -4 + -5 + -42 + 58?
7
Calculate 36 + (-10 - -8) + 4.
38
Evaluate (4 - 9 - (-4 - -11)) + 43 + -30.
1
What is -44 + -2 - ((-25 - (-9 - 8)) + -11)?
-27
(-36 - (-175 + -18)) + 14 + -23 + -11
137
Calculate 1 + 21 - 20 - ((-4 - -21) + -4).
-11
(-27 - -1 - 6) + 44 + -48
-36
Evaluate (-3 - 40 - -2) + 14 - 12.
-39
What is 6 + (-15 - (-80 - 11)) + 14 + (-8 - 4)?
84
What is 2 + 2 - (356 + -317)?
-35
Evaluate (68 - 24) + -41 + (10 - 6).
7
What is 8 - 34 - (-1 - (-3 - -1))?
-27
Calculate 42 + (6 + 10 - (45 + -28)).
41
What is the value of 30 - (67 + -36) - (-15 - (1 + -4)) - 9?
2
What is the value of (-6 - (21 - 12) - -79) + (0 - 15)?
49
Calculate 34 + 0 + 2 - (14 + (17 - 2) - 21).
28
Calculate 17 - (-61 + 8 + -9 - (-27 - -3)).
55
-118 + (-54 + -23 - -50 - -75)
-70
7 + 50 + -45 + 4 + -16
0
Calculate 11 - (-14 - -1) - (73 + -21).
-28
37 + -16 + -208 + 171 + (1 - (-42 + -1))
28
Evaluate 2 - (-59 + (-434 + 431 - ((-1 - -1) + -12))).
52
What is 27 + (5 - (103 + -97 - (3 - 1 - -3)))?
31
Evaluate 8 + -15 + -11 + -22 + 21 + -28.
-47
Calculate -96 - -105 - (30 - ((1 - -5) + -1)) - -5.
-11
(-7 - (-2 - -1)) + (-70 - -29 - -32)
-15
What is the value of -11 + (20 - -22) + 25 + 8?
64
Calculate -3 - 1 - (-35 - (-113 + 78)) - (-1 + 39).
-42
Calculate -4 + 1 - -44 - (271 + -255).
25
Calculate -1 + (-50 - -1) - (-34 + (3 - 5) + 26).
-40
Calculate (20 - 26 - -7 - -22) + -147.
-124
What is the value of 15 + (0 - 11) + (85 - 78) + -6 - -80?
85
Calculate -33 + (-31 - -66) - (4 + 2 - 129).
125
21 - (-86 + 21) - 8 - ((7 - 2) + 2)
71
Evaluate -2671 - -2619 - (38 - -3).
-93
-12 + 10 + (-6 + 12 + -19 + 11 - 6)
-10
What is 51 - 2 - (-309 - -372)?
-14
What is 4430 - 4447 - (0 - -2)?
-19
Calculate -3 + 132 + 447 + -663.
-87
What is 21 - (16 - -13) - 23 - -14?
-17
Calculate -3 + 5 + -13 + 13 + -1.
1
Calculate (-46 - -20) + 62 + 2 + 12.
50
(-19 - 85) + 54 - -108
58
What is 11108 + -11148 - ((-6 - -1) + (1 - 3))?
-33
-6 + (5 - -1) + (22 - (7 + 13))
2
What is -19 - (-11 + (-43 - (-16 - -15)))?
34
-18 - -8 - ((-8 - 0) + -81 + 74)
5
Calculate 32 - 22 - (0 + 7) - 38.
-35
Calculate (0 - -9) + 26 + -21 + 17 + 0.
31
-23 - (-115 + -32 + 43)
81
What is (-36 - -33 - 41) + 72?
28
What is the value of 10 + -91 + 86 + 10 + -1?
14
Evaluate (237 - 156) + (2 - (-3 - -4)).
82
-4 + 1 + (151 - 143) - -33
38
What is the value of -137 - (4 + (25 - 33) + (-4 - (-4 + 10)))?
-123
Evaluate -3 + -12 + -3 + 68 + -19.
31
(10 - (-12 - (0 + -19))) + (6 - 5)
4
What is the value of -1 - ((4 - 1) + (16 + -87 - -11))?
56
Calculate 14 + -31 - 9 - -9 - 1.
-18
What is the value of (-44 + 17 - -15) + 19 + 38?
45
Calculate -75 - (-66 + 83 - 146).
54
Calculate (12 - 10) + (7 - (-6 - -13)) + -4 + 50.
48
Calculate -4 - (-6 - -10) - (0 + 1 + -64 + 67).
-12
What is the value of -25 - (5 + (-28 - -8) + 4)?
-14
Calculate -12 - ((8 - 0) + (66 - 70) - 8) - -64.
56
Evaluate 126 - 101 - (15 + 21).
-11
What is 4 - ((-4 - -3 - (-49 - -56)) + -62) - 8?
66
144 - (-92 - (-50 + -128))
58
-82 + 1 + (-17 - 9) + (17 - (11 - 4))
-97
(171 - 158) + (-4 - -7 - 45)
-29
69 + -29 + 6 + -55
-9
What is the value of 1 + 1 + -15 + (22 - 18) + 1996 + -1910?
77
Calculate (2 - 0 - 5) + -6 + (60 - 131 - -80).
0
(-59 - -3 - -65) + 3
12
What is the value of (13 - 45) + 69 + -72?
-35
5 + (-11 - 1 - -2) + -1 + (24 - -32)
50
What is the value of 6 + (51 + 3 - (-43 + 38)) + -10?
55
Evaluate 0 + 1 + 7 + 15249 + -15259 + -64.
-66
What is -1 + ((-9 - (-15 + 2)) + 7 - 34)?
-24
Calculate 19 + (-7 - (-3 - (-2 - -2))) - -69.
84
Evaluate 29 + 2 + -43 + (1 - -6) - 17.
-22
-86 - (-20 - (4 + (-30 - -10)) - 2)
-80
Evaluate 5 + -12 + 54 + -87 + 80.
40
Evaluate 58 + 9 - (-32 + 66 - 53).
86
What is -11 + 17 + (18 - 4)?
20
-1018 - -1008 - (2 + 15)
-27
What is -70 + (-97 + 51 - -59)?
-57
Calculate -3 - ((2 + (-3 - -12) - -34) + -5).
-43
What is the value of -58 + (4 - (-33 + 24))?
-45
Evaluate 37 - (10 + 56 - -19).
-48
What is the value of 7 + (11 - -3 - 19 - 2) - 89?
-89
Calculate 22 + 33 + -59 + (-15 - 6).
-25
What is (-64 - -14) + 56 - (-1 + 27)?
-20
What is 5 + 0 + (-36 - -26 - -6)?
1
What is the value of -25 - (-21 + 1) - (-25 - (6 + -12)) - -56?
70
-48 - (-123 + (71 - -29))
-25
Calculate (-165 + 21 - -73) + 97.
26
Evaluate -18 + 77 + -156 + 100 + (-102 - -1).
-98
What is 41 + (-100 - -45) + 25?
11
Calculate (-7 + 6 - -71 - -4) + -10 + -2 + -7.
55
Evaluate (11 - -3) + (-14 + 10 - -20 - -23).
53
What is -29 + 22 - ((-51 - -21) + 14)?
9
What is -5 - 17 - (22 - 17 - 31) - -5?
9
Calculate 8 + 6 - (-19 - (1 - 7)).
27
344 + -330 - (5 + -75 + -1)
85
Calculate (32 - 13) + -111 + 81.
-11
Calculate (1 - 0) + 195 + -285.
-89
What is the value of -21 + (-6 - 9) + -3?
-39
Evaluate 25 - ((27 - -25) + 17).
-44
Evaluate -4815 + 4734 + (3 - -152).
74
4 + (-10 + 24 - 8) + (0 - 3)
7
Evaluate (12 - -11) + -16 + (34 + -1 - 3).
37
Evaluate (-42 - -21) + 101 + (7 + -5 - 9) + -3.
70
0 - (-45 - -32) - -56
69
What is 33 - 0 - (4491 + -4477)?
19
What is the value of 21 - (-206 + 59 + 55)?
113
What is the value of 2 + 5 + (59 - 79) - -123 - (-3 - -8)?
105
Evaluate -35 + 28 + -27 - ((2 - 0) + -4).
-32
What is the value of 81 - (-7 - (-4 - 58))?
26
Evaluate -23 - (1 - -1 - -5 - (-2572 + 2670)).
68
What is the value of 29 - 2 - (77 + (-26 - 46))?
22
(17 - (20 + 9)) + 25
13
Evaluate 13 + -2 - 22 - (5 - -14).
-30
Evaluate -126 - ((-43 - 52) + 76).
-107
Evaluate 30 - (10 - (2 - (-6 + (-16 - -9)))).
35
Evaluate (74 + (-18 - 20) - 112) + -11.
-87
7 + 8 + -1 + (3 - 6) - 13
-2
What is -96 - -81 - (0 + -3 + -18)?
6
What is 17 - (-1 - -1 - 1 - -21)?
-3
What is (56 + -45 - (6 - -1)) + 28 - -9?
41
What is the value of (105 + -87 - 98) + 71?
-9
Calculate 147 - (249 - 70) - (2 + -12).
-22
15 + (13 - (7 - (-25 + 6)))
2
What is the value of -110 + 62 + -2 + 74 + (2 - 44)?
-18
-14 - 0 - ((-7 - (27 + 6)) + 19)
7
Calculate 45 + (-10 - ((-26 - 0) + (-8 - -14))).
55
What is (2 + 0 - (7 + -7) - 12) + -981 + 982?
-9
What is (-20 - 11) + (4 - (5 + -5 + 0))?
-27
-109 + (-16 - (-5 - 15)) + 1 + -6 + 7
-103
Calculate -495 + 412 + 59 + -2.
-26
What is the value of -54 - (-37 + -46 + 9)?
20
Calculate 3 - 21 - (40 + -36 + -51 + 0).
29
-71 + 65 - (20 - -18)
-44
What is (12 - 3) + -4 + -50 + -32 + 25?
-52
Evaluate 38 + 13 + (-2 - (-4 + 6)) + (-45 - -39).
41
Evaluate 2 + -6 + 5 + 31 + (-1 - 66).
-35
Evaluate 5 - ((3 - (-1 + -8 + -2)) + -10 - 10).
11
What is the value of (4 - 4) + -12 + 10